d - 240 = -l. What is the greatest common factor of d and 15?
15
Let h be 3 + -7 + -85 + 1. Let w = 106 + h. Let z be (w/(-21))/((-4)/84). What is the greatest common divisor of z and 12?
6
Suppose 0 = 161*c - 3595 + 536. Calculate the highest common factor of 3781 and c.
19
Let x be (-207)/(-9)*12/(-40)*-10. What is the greatest common divisor of x and 2139?
69
Suppose 5*d = -5*k + 21 + 209, 2*k = -5*d + 218. Let z be 844/(-30) - ((-112)/105)/8. Let f = z + d. What is the greatest common factor of 7 and f?
7
Let y = -471 - -344. Let k = 312 + y. Suppose -v + 4 = -33. What is the highest common factor of k and v?
37
Let o = 942 + -922. Let z be (-2)/(-10) + 3165/(-75). Let f be (-18)/z + 3771/21. What is the highest common divisor of f and o?
20
Suppose -2*r - 701 = -3*h, -136 = -h - 4*r + 93. Calculate the greatest common divisor of h and 2.
1
Suppose y - 83 = -4*h, -5*h - 5*y = -0*h - 100. Let u = 60299 + -60290. What is the greatest common divisor of u and h?
3
Suppose -2*l + 524 = -4*p, 28*l + 2*p - 1988 = 20*l. Calculate the greatest common divisor of l and 1550.
50
Let r be 13*(-114)/988*(-3 + 7 + -342). Suppose 5*p - 121 = 3*u, 4*p + u - 92 = 5*u. What is the greatest common factor of r and p?
13
Let m(j) = 91*j - 1344. Let t be m(26). Calculate the highest common factor of 28 and t.
14
Let z be 243/405 - (-2)/((-30)/(-831)). What is the highest common factor of 292 and z?
4
Let w be (-271500)/(-1625) + 2/(-26) + 1. Calculate the highest common factor of 609 and w.
21
Let h be -5 + 2 + -1 + (32 - (-51285)/13). What is the greatest common divisor of h and 137?
137
Let a(r) = -5*r**3 + 11*r**2 + 75*r + 339. Let q be a(-5). Calculate the greatest common factor of 228 and q.
12
Suppose 3*u = -2*u + 15. Suppose -18 + 9 = -u*b. Let c be ((-1)/(b/(-34)))/(36/270). What is the highest common factor of c and 17?
17
Let x(w) = w**3 - 12*w**2 - 13*w + 67. Let p be x(14). Suppose 377 = 10*f + p. What is the greatest common divisor of f and 110?
10
Let g = -225 + 227. What is the highest common factor of g and 193?
1
Let j = 27025 + -20059. Calculate the greatest common factor of j and 30.
6
Let l(f) = 3*f**2 - 6*f + 81. Let u = 371 + -365. Let g be l(u). Calculate the greatest common divisor of 85 and g.
17
Let l(w) be the second derivative of w**3/6 + 3*w**2/2 + 5*w. Let s be l(8). Suppose -s*t - 2 = -13*t. What is the highest common factor of 5 and t?
1
Let h(x) = 40*x**2 + 1445*x - 39. Let z be h(-42). Calculate the highest common divisor of 29 and z.
29
Let d(m) = 8*m - 34. Let i be 2 + 0 + -1*(1 - 5). Let z be d(i). Let a be 296/3 - (-2)/(-3). What is the greatest common divisor of z and a?
14
Suppose 22*r - 27230 = 4*r + 45616. What is the highest common divisor of r and 284?
71
Let p(r) = r**2 - 40*r - 547. Let h be p(54). What is the highest common factor of h and 171?
19
Let v = -239 + 351. Suppose -2*k - 4*p + v = 0, 3*k - 207 - 1 = 4*p. Let z = 24 + -16. Calculate the greatest common divisor of k and z.
8
Suppose -2*v + 6*v = 24. Suppose 5*w - 3*w = v. Let b(q) = 7*q**3 + 2*q**2 - 4*q + 3. Let c be b(w). What is the highest common factor of 18 and c?
18
Let q = 35233 + -35093. Calculate the greatest common divisor of q and 630.
70
Let c(b) = -147*b - 600. Let g be c(-5). Calculate the highest common factor of 144 and g.
9
Suppose 0 = 7*t - 11*t - 144. Let v be (0 - t/(-8))*-2. Let i = 100 - 46. What is the greatest common divisor of v and i?
9
Suppose -284*d + 742 = -38734. Calculate the greatest common factor of d and 9313.
139
Let a be ((-306)/(-5) - -2)*6*15/36. What is the highest common divisor of a and 6?
2
Let m(l) = 6*l**2 + 5*l - 15. Let a be m(-9). Let n be -3 + (a - -7) - -2. What is the greatest common divisor of 12 and n?
12
Let s(d) = -9*d**3 + 2*d**2 + 4*d + 3. Let z be s(-3). Suppose 0 = 14*f - 878 - 4. Calculate the highest common divisor of z and f.
63
Let c(o) = 42*o + 4. Let h be c(2). Suppose h*v = 82*v + 30. Suppose 2*d = 2, 2 - 58 = -v*r + 4*d. What is the greatest common factor of 30 and r?
6
Suppose 51480 = 23*z + 3*z. Suppose 132 = -44*v + z. Suppose 7*b - 224 = 3*b. What is the greatest common divisor of b and v?
14
Let v(k) = -192 + 2*k + 375 - 198. Let j be v(8). Calculate the highest common divisor of 29 and j.
1
Suppose -3*g - 10*f + 2775 = -8*f, 3700 = 4*g - 4*f. Let i be (175/(-14))/(5/(-10)). What is the greatest common factor of i and g?
25
Let l be 4/12*-3*(1 - 23). Let q = 55 - l. Suppose 0 = -2*u + 3*u - 297. Calculate the greatest common divisor of q and u.
33
Suppose 3*o - 27 = -0*o. Let k(i) = -109*i + 12. Let h be k(0). Calculate the highest common factor of h and o.
3
Let n(t) = 463*t + 139. Let d be n(-2). Let j = d + 792. Let b be 166/3 - (-1)/(-3). What is the greatest common factor of j and b?
5
Let u = 17275 - 11111. What is the greatest common divisor of 201 and u?
67
Suppose 63462 = 5*g + 2*x, -2*g - 4*x = -8*x - 25404. Calculate the highest common factor of g and 22.
22
Suppose 0 = -3*z - 0 - 3, -3*y + 2967 = -3*z. Let w = 52443 + -52391. Calculate the greatest common divisor of y and w.
52
Let l(s) = -82*s - 1304. Let a(b) = -16*b - 261. Let w(o) = -11*a(o) + 2*l(o). Let k be w(16). Calculate the greatest common divisor of k and 5.
5
Let j be (18/(-21))/(-3) - (-152)/7. Suppose 59 + j = -3*v. Let t = v - -59. What is the highest common divisor of t and 80?
16
Suppose -20878 = -135*k - 5758. What is the greatest common factor of 21504 and k?
112
Let m(s) = s**3 - 5*s**2 - 7*s + 261. Let h be m(0). What is the greatest common factor of h and 2262?
87
Let g(y) = y**3 - 9*y**2 + 11*y + 7. Let j be g(-7). Let o = -707 - j. What is the highest common factor of 35 and o?
7
Suppose 789 = 17*c - 1812. Calculate the greatest common factor of 792 and c.
9
Suppose -6*q + 272 = 368. Let w be (0 - 343/14)*q. Calculate the highest common factor of w and 56.
56
Suppose 349 = 5*n + 4*g, 98*n = 99*n - g - 59. Calculate the highest common divisor of n and 637.
13
Let i = -5056 - -9316. Suppose 3*m + i = 13*m. What is the greatest common divisor of m and 6?
6
Let o be 5*(-3)/(6/(-2)). Suppose 1 = 7*p - 6*p. Let x be p/(5/(-5)) + 4 - -17. What is the greatest common divisor of x and o?
5
Suppose 0 = 22*i - 6*i - 2032. Suppose -i + 442 = 5*h. Calculate the highest common factor of 1134 and h.
63
Let j be 34/272 + 6 + (-102)/48. Suppose -92 + 26 = -3*a. Calculate the greatest common factor of j and a.
2
Suppose -5657 = -23*p + 14054. Let v be p + 1/(-7 - -8). Calculate the greatest common divisor of 78 and v.
78
Let r be (9/(-6))/(2/(-100)). Let m = r + 26. Suppose -5*j + 14 = -m. What is the greatest common divisor of 92 and j?
23
Let n be ((-24)/5)/(2/(-20)). Suppose -2*i + 3*x + 126 = 0, -23 = -5*i - 5*x + 167. What is the greatest common divisor of i and n?
48
Suppose 50*m - 36*m = -47*m + 1220. What is the greatest common divisor of m and 1352?
4
Let p = -216 + 316. Let j(f) = -f + 19. Let h be 1/(3 + (-64)/21). Let i be j(h). What is the highest common factor of i and p?
20
Let g be ((-16)/(-12))/(-10 + (-546)/(-54)). Calculate the greatest common factor of g and 8124.
12
Suppose 825 = 4*i + 2*f - 1607, 5*i + 4*f - 3040 = 0. Let k = i + -593. Calculate the highest common factor of 585 and k.
15
Let w be (-3520)/(-1210) + 1/11. Let j be 3/((-210)/215 + 1). What is the highest common divisor of j and w?
3
Let v(o) = 13*o**2 + 4*o. Let b be v(4). Suppose -3*f = 3*t - 63, -155*f + 161*f - 98 = -5*t. What is the greatest common divisor of b and t?
28
Let m(c) = 16*c**2 - 19*c + 126. Let j be m(12). Calculate the greatest common factor of 12 and j.
6
Suppose 0 = -5*i + 4*j + 88, i - 5*i + 3*j = -70. Let p(h) = 2*h**2 + 6*h + 9. Let n be p(-6). Let t = -5 + n. Calculate the greatest common factor of i and t.
8
Let d(q) be the first derivative of 5*q**2 - 20*q + 62. Let o be d(6). Calculate the greatest common divisor of 320 and o.
40
Let k(y) = -14*y - 1. Let v be k(-2). Suppose 3719*i - 3734*i + 14 = -31. What is the highest common divisor of v and i?
3
Let n(v) = 27*v - 18. Let r be (-6*1)/(-6 + 3). Let z be n(r). Calculate the highest common divisor of 288 and z.
36
Let r be (-7)/(((-594)/(-2619))/(2/44) - 5). Calculate the highest common factor of r and 7.
7
Suppose -34*j + 292 = -1714. Calculate the 